{"id":129,"date":"2025-10-29T22:59:12","date_gmt":"2025-10-29T22:59:12","guid":{"rendered":"https:\/\/vencristo.org\/?page_id=129"},"modified":"2026-04-08T04:29:10","modified_gmt":"2026-04-08T04:29:10","slug":"pastoras-fundadoras","status":"publish","type":"page","link":"https:\/\/vencristo.org\/index.php\/pastoras-fundadoras\/","title":{"rendered":"Fundadoras"},"content":{"rendered":"\n<figure class=\"wp-block-gallery has-nested-images columns-default is-cropped wp-block-gallery-1 is-layout-flex wp-block-gallery-is-layout-flex\">\n<figure class=\"wp-block-image size-large\"><img loading=\"lazy\" decoding=\"async\" width=\"1024\" height=\"1024\" data-id=\"134\" src=\"https:\/\/vencristo.org\/wp-content\/uploads\/2025\/10\/IMG-20251029-WA0028-1024x1024.jpg\" alt=\"\" class=\"wp-image-134\" srcset=\"https:\/\/vencristo.org\/wp-content\/uploads\/2025\/10\/IMG-20251029-WA0028-1024x1024.jpg 1024w, https:\/\/vencristo.org\/wp-content\/uploads\/2025\/10\/IMG-20251029-WA0028-300x300.jpg 300w, https:\/\/vencristo.org\/wp-content\/uploads\/2025\/10\/IMG-20251029-WA0028-150x150.jpg 150w, https:\/\/vencristo.org\/wp-content\/uploads\/2025\/10\/IMG-20251029-WA0028-768x768.jpg 768w, https:\/\/vencristo.org\/wp-content\/uploads\/2025\/10\/IMG-20251029-WA0028-1x1.jpg 1w, https:\/\/vencristo.org\/wp-content\/uploads\/2025\/10\/IMG-20251029-WA0028.jpg 1440w\" sizes=\"auto, (max-width: 1024px) 100vw, 1024px\" \/><\/figure>\n<\/figure>\n\n\n\n<h2 class=\"wp-block-heading\">Apostol Angelica Hern\u00e1ndez Osorio.<\/h2>\n\n\n\n<p>Fundadora de la Iglesia Internacional VenCristo en el el a\u00f1o 2008 en la ciudad de Barranquilla y 2012 en el municipio de Juan de Acosta. Fundadora del Ministerio Evangelistico Ensancha, Fundadora de VenCristo Radio Online. Prestando un servicio de amor voluntario a la congregaci\u00f3n, ministrando bajo el poder de Dios y la unci\u00f3n de Su Santo Esp\u00edritu.<\/p>\n\n\n\n<figure class=\"wp-block-image size-full\"><img loading=\"lazy\" decoding=\"async\" width=\"780\" height=\"787\" src=\"https:\/\/vencristo.org\/wp-content\/uploads\/2025\/10\/FB_IMG_1761778399657.jpg\" alt=\"\" class=\"wp-image-135\" srcset=\"https:\/\/vencristo.org\/wp-content\/uploads\/2025\/10\/FB_IMG_1761778399657.jpg 780w, https:\/\/vencristo.org\/wp-content\/uploads\/2025\/10\/FB_IMG_1761778399657-297x300.jpg 297w, https:\/\/vencristo.org\/wp-content\/uploads\/2025\/10\/FB_IMG_1761778399657-150x150.jpg 150w, https:\/\/vencristo.org\/wp-content\/uploads\/2025\/10\/FB_IMG_1761778399657-768x775.jpg 768w, https:\/\/vencristo.org\/wp-content\/uploads\/2025\/10\/FB_IMG_1761778399657-1x1.jpg 1w\" sizes=\"auto, (max-width: 780px) 100vw, 780px\" \/><\/figure>\n\n\n\n<h2 class=\"wp-block-heading\">Pastora Ordenada Amelia Osorio.<\/h2>\n\n\n\n<p>A partir del a\u00f1o 2011, inicia su labor pastoral en la Iglesia Internacional VenCristo, llena de compromiso y amor. <\/p>\n\n\n\n<p>La pastora Amelia abri\u00f3 las puertas de su casa para iniciar \u00e9sta linda obra, constituyendose igualmente en fundadora.<\/p>\n","protected":false},"excerpt":{"rendered":"<p>Apostol Angelica Hern\u00e1ndez Osorio. Fundadora de la Iglesia Internacional VenCristo en el el a\u00f1o 2008 en la ciudad de Barranquilla y 2012 en el municipio de Juan de Acosta. Fundadora del Ministerio Evangelistico Ensancha, Fundadora de VenCristo Radio Online. Prestando un servicio de amor voluntario a la congregaci\u00f3n, ministrando bajo el poder de Dios y [&hellip;]<\/p>\n","protected":false},"author":1,"featured_media":0,"parent":0,"menu_order":0,"comment_status":"closed","ping_status":"closed","template":"","meta":{"footnotes":""},"class_list":["post-129","page","type-page","status-publish","hentry"],"_links":{"self":[{"href":"https:\/\/vencristo.org\/index.php\/wp-json\/wp\/v2\/pages\/129","targetHints":{"allow":["GET"]}}],"collection":[{"href":"https:\/\/vencristo.org\/index.php\/wp-json\/wp\/v2\/pages"}],"about":[{"href":"https:\/\/vencristo.org\/index.php\/wp-json\/wp\/v2\/types\/page"}],"author":[{"embeddable":true,"href":"https:\/\/vencristo.org\/index.php\/wp-json\/wp\/v2\/users\/1"}],"replies":[{"embeddable":true,"href":"https:\/\/vencristo.org\/index.php\/wp-json\/wp\/v2\/comments?post=129"}],"version-history":[{"count":6,"href":"https:\/\/vencristo.org\/index.php\/wp-json\/wp\/v2\/pages\/129\/revisions"}],"predecessor-version":[{"id":289,"href":"https:\/\/vencristo.org\/index.php\/wp-json\/wp\/v2\/pages\/129\/revisions\/289"}],"wp:attachment":[{"href":"https:\/\/vencristo.org\/index.php\/wp-json\/wp\/v2\/media?parent=129"}],"curies":[{"name":"wp","href":"https:\/\/api.w.org\/{rel}","templated":true}]}}